
{"id":66,"date":"2016-08-26T11:46:49","date_gmt":"2016-08-26T09:46:49","guid":{"rendered":"http:\/\/www.norail.fr\/otd_new\/?page_id=66"},"modified":"2016-09-28T13:39:17","modified_gmt":"2016-09-28T11:39:17","slug":"le-partenaire-des-pros","status":"publish","type":"page","link":"https:\/\/www.norail.fr\/atd\/le-partenaire-des-pros\/","title":{"rendered":"Partenaire des pros"},"content":{"rendered":"<div id=\"aq-template-wrapper-120\" class=\"aq-template-wrapper aq_row\"><div id=\"aq-block-120-1\" class=\"aq-block aq-block-aq_2_3_column_block aq_span8 aq-first clearfix\"><div id=\"aq-block-120-2\" class=\"aq-block aq-block-aq_text_block aq_span12 aq-first clearfix\">\r\n        <div class=\"widgetwrap widgetwrap-alt text-boxed\">\r\r\n        \r\r\n        <div class=\"block_bg\"  style=\"background-color:#fff;\"><\/div>\r\r\n        \r\r\n        <div class=\"container builder woocommerce\"  style=\"padding:0px 0;\">\r\r\n        \r\r\n\t\t\t\r\n            <h2 class=\"block\"  style=\"color:#333;\">\r\r\n                \r\r\n                <span class=\"maintitle\">Partenaire du n\u00e9goce depuis plus de 50 ANS !<\/span>\r\r\n                \r\r\n                \r\n                    \r\r\n            <\/h2>\r\r\n            \r\n                   \r\r\n            <p style=\"text-align:justify;\">Plus de <b>13 000<\/b> r\u00e9f\u00e9rences produits, une expertise reconnue en quincaillerie, des gammes abouties pour r\u00e9pondre aux exigences des professionnels du b\u00e2timent.<br\/><br\/>\n\n<ul>Une \u00e9quipe commerciale terrain & s\u00e9dentaire avec pour missions :\n<li>- D\u2019<b>\u00eatre au contact des distributeurs<\/b>,<\/li>\n<li>- D\u2019<b>\u00e9couter et de proposer des solutions<\/b> afin de faire \u00e9voluer l\u2019offre produit en point de vente,<\/li>\n<li>- Une priorit\u00e9 : la <b>rentabilit\u00e9 m\u00e8tre lin\u00e9aire<\/b>.<\/li>\n<\/ul><br\/>\nChez Norail la satisfaction client est une obligation, plus de 100 personnes s\u2019efforcent d\u2019y r\u00e9pondre quotidiennement.<\/p>\r\n            \r\r\n      \t<\/div>      \r\r\n\r\r\n      <\/div>\r\r\n      <\/div><\/div><div id=\"aq-block-120-3\" class=\"aq-block aq-block-aq_3_column_block aq_span4  clearfix\"><div id=\"aq-block-120-4\" class=\"aq-block aq-block-aq_ads_block aq_span12 aq-first clearfix\">\r\n\t\t\r\r\n\t\t\t\r\n            \r\r\n\t\t\t\r\n            \r\r\n                <a class=\"item\" href=\"\">\r\r\n                \r\r\n                        <img decoding=\"async\" class=\"grayscale grayscale-fade\" src=\"http:\/\/norail.fr\/atd\/wp-content\/uploads\/2016\/08\/norail-partenaire-negoce-1.png\" alt=\"Visit Sponsor\" \/>\r\r\n                \r\r\n                <\/a>\r\r\n                        \r\r\n\t\t\t<\/div><\/div><\/div>\n","protected":false},"excerpt":{"rendered":"","protected":false},"author":1,"featured_media":0,"parent":0,"menu_order":0,"comment_status":"closed","ping_status":"closed","template":"homepage.php","meta":{"footnotes":""},"class_list":["post-66","page","type-page","status-publish","hentry"],"yoast_head":"<!-- This site is optimized with the Yoast SEO plugin v27.1.1 - https:\/\/yoast.com\/product\/yoast-seo-wordpress\/ -->\n<title>Partenaire des pros - Norail | Quincaillerie professionnelle<\/title>\n<meta name=\"description\" content=\"Partenaire du n\u00e9goce depuis plus de 50 ANS ! Expert reconnu en quincaillerie, Norail compose des gammes abouties pour r\u00e9pondre aux exigences des profs\" \/>\n<meta name=\"robots\" content=\"index, follow, max-snippet:-1, max-image-preview:large, max-video-preview:-1\" \/>\n<link rel=\"canonical\" href=\"https:\/\/www.norail.fr\/atd\/le-partenaire-des-pros\/\" \/>\n<meta property=\"og:locale\" content=\"fr_FR\" \/>\n<meta property=\"og:type\" content=\"article\" \/>\n<meta property=\"og:title\" content=\"Partenaire des pros - Norail | Quincaillerie professionnelle\" \/>\n<meta property=\"og:description\" content=\"Partenaire du n\u00e9goce depuis plus de 50 ANS ! Expert reconnu en quincaillerie, Norail compose des gammes abouties pour r\u00e9pondre aux exigences des profs\" \/>\n<meta property=\"og:url\" content=\"https:\/\/www.norail.fr\/atd\/le-partenaire-des-pros\/\" \/>\n<meta property=\"og:site_name\" content=\"Norail | Quincaillerie professionnelle\" \/>\n<meta property=\"article:modified_time\" content=\"2016-09-28T11:39:17+00:00\" \/>\n<meta name=\"twitter:card\" content=\"summary_large_image\" \/>\n<script type=\"application\/ld+json\" class=\"yoast-schema-graph\">{\"@context\":\"https:\/\/schema.org\",\"@graph\":[{\"@type\":\"WebPage\",\"@id\":\"https:\/\/www.norail.fr\/atd\/le-partenaire-des-pros\/\",\"url\":\"https:\/\/www.norail.fr\/atd\/le-partenaire-des-pros\/\",\"name\":\"Partenaire des pros - Norail | Quincaillerie professionnelle\",\"isPartOf\":{\"@id\":\"https:\/\/www.norail.fr\/atd\/#website\"},\"datePublished\":\"2016-08-26T09:46:49+00:00\",\"dateModified\":\"2016-09-28T11:39:17+00:00\",\"description\":\"Partenaire du n\u00e9goce depuis plus de 50 ANS ! Expert reconnu en quincaillerie, Norail compose des gammes abouties pour r\u00e9pondre aux exigences des profs\",\"breadcrumb\":{\"@id\":\"https:\/\/www.norail.fr\/atd\/le-partenaire-des-pros\/#breadcrumb\"},\"inLanguage\":\"fr-FR\",\"potentialAction\":[{\"@type\":\"ReadAction\",\"target\":[\"https:\/\/www.norail.fr\/atd\/le-partenaire-des-pros\/\"]}]},{\"@type\":\"BreadcrumbList\",\"@id\":\"https:\/\/www.norail.fr\/atd\/le-partenaire-des-pros\/#breadcrumb\",\"itemListElement\":[{\"@type\":\"ListItem\",\"position\":1,\"name\":\"Accueil\",\"item\":\"https:\/\/www.norail.fr\/atd\/\"},{\"@type\":\"ListItem\",\"position\":2,\"name\":\"Partenaire des pros\"}]},{\"@type\":\"WebSite\",\"@id\":\"https:\/\/www.norail.fr\/atd\/#website\",\"url\":\"https:\/\/www.norail.fr\/atd\/\",\"name\":\"Norail | Quincaillerie professionnelle\",\"description\":\"Au service des pros\",\"potentialAction\":[{\"@type\":\"SearchAction\",\"target\":{\"@type\":\"EntryPoint\",\"urlTemplate\":\"https:\/\/www.norail.fr\/atd\/?s={search_term_string}\"},\"query-input\":{\"@type\":\"PropertyValueSpecification\",\"valueRequired\":true,\"valueName\":\"search_term_string\"}}],\"inLanguage\":\"fr-FR\"}]}<\/script>\n<!-- \/ Yoast SEO plugin. -->","yoast_head_json":{"title":"Partenaire des pros - Norail | Quincaillerie professionnelle","description":"Partenaire du n\u00e9goce depuis plus de 50 ANS ! Expert reconnu en quincaillerie, Norail compose des gammes abouties pour r\u00e9pondre aux exigences des profs","robots":{"index":"index","follow":"follow","max-snippet":"max-snippet:-1","max-image-preview":"max-image-preview:large","max-video-preview":"max-video-preview:-1"},"canonical":"https:\/\/www.norail.fr\/atd\/le-partenaire-des-pros\/","og_locale":"fr_FR","og_type":"article","og_title":"Partenaire des pros - Norail | Quincaillerie professionnelle","og_description":"Partenaire du n\u00e9goce depuis plus de 50 ANS ! Expert reconnu en quincaillerie, Norail compose des gammes abouties pour r\u00e9pondre aux exigences des profs","og_url":"https:\/\/www.norail.fr\/atd\/le-partenaire-des-pros\/","og_site_name":"Norail | Quincaillerie professionnelle","article_modified_time":"2016-09-28T11:39:17+00:00","twitter_card":"summary_large_image","schema":{"@context":"https:\/\/schema.org","@graph":[{"@type":"WebPage","@id":"https:\/\/www.norail.fr\/atd\/le-partenaire-des-pros\/","url":"https:\/\/www.norail.fr\/atd\/le-partenaire-des-pros\/","name":"Partenaire des pros - Norail | Quincaillerie professionnelle","isPartOf":{"@id":"https:\/\/www.norail.fr\/atd\/#website"},"datePublished":"2016-08-26T09:46:49+00:00","dateModified":"2016-09-28T11:39:17+00:00","description":"Partenaire du n\u00e9goce depuis plus de 50 ANS ! Expert reconnu en quincaillerie, Norail compose des gammes abouties pour r\u00e9pondre aux exigences des profs","breadcrumb":{"@id":"https:\/\/www.norail.fr\/atd\/le-partenaire-des-pros\/#breadcrumb"},"inLanguage":"fr-FR","potentialAction":[{"@type":"ReadAction","target":["https:\/\/www.norail.fr\/atd\/le-partenaire-des-pros\/"]}]},{"@type":"BreadcrumbList","@id":"https:\/\/www.norail.fr\/atd\/le-partenaire-des-pros\/#breadcrumb","itemListElement":[{"@type":"ListItem","position":1,"name":"Accueil","item":"https:\/\/www.norail.fr\/atd\/"},{"@type":"ListItem","position":2,"name":"Partenaire des pros"}]},{"@type":"WebSite","@id":"https:\/\/www.norail.fr\/atd\/#website","url":"https:\/\/www.norail.fr\/atd\/","name":"Norail | Quincaillerie professionnelle","description":"Au service des pros","potentialAction":[{"@type":"SearchAction","target":{"@type":"EntryPoint","urlTemplate":"https:\/\/www.norail.fr\/atd\/?s={search_term_string}"},"query-input":{"@type":"PropertyValueSpecification","valueRequired":true,"valueName":"search_term_string"}}],"inLanguage":"fr-FR"}]}},"_links":{"self":[{"href":"https:\/\/www.norail.fr\/atd\/wp-json\/wp\/v2\/pages\/66","targetHints":{"allow":["GET"]}}],"collection":[{"href":"https:\/\/www.norail.fr\/atd\/wp-json\/wp\/v2\/pages"}],"about":[{"href":"https:\/\/www.norail.fr\/atd\/wp-json\/wp\/v2\/types\/page"}],"author":[{"embeddable":true,"href":"https:\/\/www.norail.fr\/atd\/wp-json\/wp\/v2\/users\/1"}],"replies":[{"embeddable":true,"href":"https:\/\/www.norail.fr\/atd\/wp-json\/wp\/v2\/comments?post=66"}],"version-history":[{"count":3,"href":"https:\/\/www.norail.fr\/atd\/wp-json\/wp\/v2\/pages\/66\/revisions"}],"predecessor-version":[{"id":121,"href":"https:\/\/www.norail.fr\/atd\/wp-json\/wp\/v2\/pages\/66\/revisions\/121"}],"wp:attachment":[{"href":"https:\/\/www.norail.fr\/atd\/wp-json\/wp\/v2\/media?parent=66"}],"curies":[{"name":"wp","href":"https:\/\/api.w.org\/{rel}","templated":true}]}}