
{"id":74,"date":"2016-08-30T09:58:07","date_gmt":"2016-08-30T07:58:07","guid":{"rendered":"http:\/\/www.norail.fr\/otd_new\/?page_id=74"},"modified":"2016-09-28T13:31:36","modified_gmt":"2016-09-28T11:31:36","slug":"packaging","status":"publish","type":"page","link":"https:\/\/www.norail.fr\/atd\/packaging\/","title":{"rendered":"Packaging"},"content":{"rendered":"<div style=\"margin: 20px;\">\n<h2>Des packagings vendeurs<\/h2>\n<h3>Vente en vrac, sur tablette ou broche.<br \/>\nDes conditionnements adapt\u00e9s aux besoins chantiers des professionnels.<\/h3>\n<p><center><img decoding=\"async\" style=\"text-align: left;\" src=\"https:\/\/www.norail.fr\/atd\/wp-content\/uploads\/2016\/09\/packaging-norail-1.jpg\" alt=\"packaging norail\" \/><\/center>&nbsp;<\/p>\n<\/div>\n","protected":false},"excerpt":{"rendered":"<p>Des packagings vendeurs Vente en vrac, sur tablette ou broche. Des conditionnements adapt\u00e9s aux besoins chantiers des professionnels. &nbsp;<\/p>\n","protected":false},"author":1,"featured_media":0,"parent":0,"menu_order":0,"comment_status":"closed","ping_status":"closed","template":"homepage.php","meta":{"footnotes":""},"class_list":["post-74","page","type-page","status-publish","hentry"],"yoast_head":"<!-- This site is optimized with the Yoast SEO plugin v27.1.1 - https:\/\/yoast.com\/product\/yoast-seo-wordpress\/ -->\n<title>Diversit\u00e9 des conditionnements - Norail | Quincaillerie professionnelle<\/title>\n<meta name=\"description\" content=\"Des conditionnements vari\u00e9s : blister, boite carton, sachet, barquette, seau, coffret, \u00e9tui, pour s&#039;adapter au besoin des chantiers ! Divers packaging\" \/>\n<meta name=\"robots\" content=\"index, follow, max-snippet:-1, max-image-preview:large, max-video-preview:-1\" \/>\n<link rel=\"canonical\" href=\"https:\/\/www.norail.fr\/atd\/packaging\/\" \/>\n<meta property=\"og:locale\" content=\"fr_FR\" \/>\n<meta property=\"og:type\" content=\"article\" \/>\n<meta property=\"og:title\" content=\"Diversit\u00e9 des conditionnements - Norail | Quincaillerie professionnelle\" \/>\n<meta property=\"og:description\" content=\"Des conditionnements vari\u00e9s : blister, boite carton, sachet, barquette, seau, coffret, \u00e9tui, pour s&#039;adapter au besoin des chantiers ! Divers packaging\" \/>\n<meta property=\"og:url\" content=\"https:\/\/www.norail.fr\/atd\/packaging\/\" \/>\n<meta property=\"og:site_name\" content=\"Norail | Quincaillerie professionnelle\" \/>\n<meta property=\"article:modified_time\" content=\"2016-09-28T11:31:36+00:00\" \/>\n<meta property=\"og:image\" content=\"http:\/\/www.norail.fr\/atd\/wp-content\/uploads\/2016\/09\/packaging-norail-1.jpg\" \/>\n<meta name=\"twitter:card\" content=\"summary_large_image\" \/>\n<script type=\"application\/ld+json\" class=\"yoast-schema-graph\">{\"@context\":\"https:\/\/schema.org\",\"@graph\":[{\"@type\":\"WebPage\",\"@id\":\"https:\/\/www.norail.fr\/atd\/packaging\/\",\"url\":\"https:\/\/www.norail.fr\/atd\/packaging\/\",\"name\":\"Diversit\u00e9 des conditionnements - Norail | Quincaillerie professionnelle\",\"isPartOf\":{\"@id\":\"https:\/\/www.norail.fr\/atd\/#website\"},\"primaryImageOfPage\":{\"@id\":\"https:\/\/www.norail.fr\/atd\/packaging\/#primaryimage\"},\"image\":{\"@id\":\"https:\/\/www.norail.fr\/atd\/packaging\/#primaryimage\"},\"thumbnailUrl\":\"http:\/\/www.norail.fr\/atd\/wp-content\/uploads\/2016\/09\/packaging-norail-1.jpg\",\"datePublished\":\"2016-08-30T07:58:07+00:00\",\"dateModified\":\"2016-09-28T11:31:36+00:00\",\"description\":\"Des conditionnements vari\u00e9s : blister, boite carton, sachet, barquette, seau, coffret, \u00e9tui, pour s'adapter au besoin des chantiers ! Divers packaging\",\"breadcrumb\":{\"@id\":\"https:\/\/www.norail.fr\/atd\/packaging\/#breadcrumb\"},\"inLanguage\":\"fr-FR\",\"potentialAction\":[{\"@type\":\"ReadAction\",\"target\":[\"https:\/\/www.norail.fr\/atd\/packaging\/\"]}]},{\"@type\":\"ImageObject\",\"inLanguage\":\"fr-FR\",\"@id\":\"https:\/\/www.norail.fr\/atd\/packaging\/#primaryimage\",\"url\":\"http:\/\/www.norail.fr\/atd\/wp-content\/uploads\/2016\/09\/packaging-norail-1.jpg\",\"contentUrl\":\"http:\/\/www.norail.fr\/atd\/wp-content\/uploads\/2016\/09\/packaging-norail-1.jpg\"},{\"@type\":\"BreadcrumbList\",\"@id\":\"https:\/\/www.norail.fr\/atd\/packaging\/#breadcrumb\",\"itemListElement\":[{\"@type\":\"ListItem\",\"position\":1,\"name\":\"Accueil\",\"item\":\"https:\/\/www.norail.fr\/atd\/\"},{\"@type\":\"ListItem\",\"position\":2,\"name\":\"Packaging\"}]},{\"@type\":\"WebSite\",\"@id\":\"https:\/\/www.norail.fr\/atd\/#website\",\"url\":\"https:\/\/www.norail.fr\/atd\/\",\"name\":\"Norail | Quincaillerie professionnelle\",\"description\":\"Au service des pros\",\"potentialAction\":[{\"@type\":\"SearchAction\",\"target\":{\"@type\":\"EntryPoint\",\"urlTemplate\":\"https:\/\/www.norail.fr\/atd\/?s={search_term_string}\"},\"query-input\":{\"@type\":\"PropertyValueSpecification\",\"valueRequired\":true,\"valueName\":\"search_term_string\"}}],\"inLanguage\":\"fr-FR\"}]}<\/script>\n<!-- \/ Yoast SEO plugin. -->","yoast_head_json":{"title":"Diversit\u00e9 des conditionnements - Norail | Quincaillerie professionnelle","description":"Des conditionnements vari\u00e9s : blister, boite carton, sachet, barquette, seau, coffret, \u00e9tui, pour s'adapter au besoin des chantiers ! Divers packaging","robots":{"index":"index","follow":"follow","max-snippet":"max-snippet:-1","max-image-preview":"max-image-preview:large","max-video-preview":"max-video-preview:-1"},"canonical":"https:\/\/www.norail.fr\/atd\/packaging\/","og_locale":"fr_FR","og_type":"article","og_title":"Diversit\u00e9 des conditionnements - Norail | Quincaillerie professionnelle","og_description":"Des conditionnements vari\u00e9s : blister, boite carton, sachet, barquette, seau, coffret, \u00e9tui, pour s'adapter au besoin des chantiers ! Divers packaging","og_url":"https:\/\/www.norail.fr\/atd\/packaging\/","og_site_name":"Norail | Quincaillerie professionnelle","article_modified_time":"2016-09-28T11:31:36+00:00","og_image":[{"url":"http:\/\/www.norail.fr\/atd\/wp-content\/uploads\/2016\/09\/packaging-norail-1.jpg","type":"","width":"","height":""}],"twitter_card":"summary_large_image","schema":{"@context":"https:\/\/schema.org","@graph":[{"@type":"WebPage","@id":"https:\/\/www.norail.fr\/atd\/packaging\/","url":"https:\/\/www.norail.fr\/atd\/packaging\/","name":"Diversit\u00e9 des conditionnements - Norail | Quincaillerie professionnelle","isPartOf":{"@id":"https:\/\/www.norail.fr\/atd\/#website"},"primaryImageOfPage":{"@id":"https:\/\/www.norail.fr\/atd\/packaging\/#primaryimage"},"image":{"@id":"https:\/\/www.norail.fr\/atd\/packaging\/#primaryimage"},"thumbnailUrl":"http:\/\/www.norail.fr\/atd\/wp-content\/uploads\/2016\/09\/packaging-norail-1.jpg","datePublished":"2016-08-30T07:58:07+00:00","dateModified":"2016-09-28T11:31:36+00:00","description":"Des conditionnements vari\u00e9s : blister, boite carton, sachet, barquette, seau, coffret, \u00e9tui, pour s'adapter au besoin des chantiers ! Divers packaging","breadcrumb":{"@id":"https:\/\/www.norail.fr\/atd\/packaging\/#breadcrumb"},"inLanguage":"fr-FR","potentialAction":[{"@type":"ReadAction","target":["https:\/\/www.norail.fr\/atd\/packaging\/"]}]},{"@type":"ImageObject","inLanguage":"fr-FR","@id":"https:\/\/www.norail.fr\/atd\/packaging\/#primaryimage","url":"http:\/\/www.norail.fr\/atd\/wp-content\/uploads\/2016\/09\/packaging-norail-1.jpg","contentUrl":"http:\/\/www.norail.fr\/atd\/wp-content\/uploads\/2016\/09\/packaging-norail-1.jpg"},{"@type":"BreadcrumbList","@id":"https:\/\/www.norail.fr\/atd\/packaging\/#breadcrumb","itemListElement":[{"@type":"ListItem","position":1,"name":"Accueil","item":"https:\/\/www.norail.fr\/atd\/"},{"@type":"ListItem","position":2,"name":"Packaging"}]},{"@type":"WebSite","@id":"https:\/\/www.norail.fr\/atd\/#website","url":"https:\/\/www.norail.fr\/atd\/","name":"Norail | Quincaillerie professionnelle","description":"Au service des pros","potentialAction":[{"@type":"SearchAction","target":{"@type":"EntryPoint","urlTemplate":"https:\/\/www.norail.fr\/atd\/?s={search_term_string}"},"query-input":{"@type":"PropertyValueSpecification","valueRequired":true,"valueName":"search_term_string"}}],"inLanguage":"fr-FR"}]}},"_links":{"self":[{"href":"https:\/\/www.norail.fr\/atd\/wp-json\/wp\/v2\/pages\/74","targetHints":{"allow":["GET"]}}],"collection":[{"href":"https:\/\/www.norail.fr\/atd\/wp-json\/wp\/v2\/pages"}],"about":[{"href":"https:\/\/www.norail.fr\/atd\/wp-json\/wp\/v2\/types\/page"}],"author":[{"embeddable":true,"href":"https:\/\/www.norail.fr\/atd\/wp-json\/wp\/v2\/users\/1"}],"replies":[{"embeddable":true,"href":"https:\/\/www.norail.fr\/atd\/wp-json\/wp\/v2\/comments?post=74"}],"version-history":[{"count":15,"href":"https:\/\/www.norail.fr\/atd\/wp-json\/wp\/v2\/pages\/74\/revisions"}],"predecessor-version":[{"id":3240,"href":"https:\/\/www.norail.fr\/atd\/wp-json\/wp\/v2\/pages\/74\/revisions\/3240"}],"wp:attachment":[{"href":"https:\/\/www.norail.fr\/atd\/wp-json\/wp\/v2\/media?parent=74"}],"curies":[{"name":"wp","href":"https:\/\/api.w.org\/{rel}","templated":true}]}}