
{"id":94,"date":"2016-08-30T10:08:30","date_gmt":"2016-08-30T08:08:30","guid":{"rendered":"http:\/\/www.norail.fr\/otd_new\/?page_id=94"},"modified":"2016-09-28T11:42:43","modified_gmt":"2016-09-28T09:42:43","slug":"contactez-nous","status":"publish","type":"page","link":"https:\/\/www.norail.fr\/atd\/contactez-nous\/","title":{"rendered":"Contactez-nous"},"content":{"rendered":"<div id=\"aq-template-wrapper-207\" class=\"aq-template-wrapper aq_row\"><div id=\"aq-block-207-1\" class=\"aq-block aq-block-aq_2_column_block aq_span6 aq-first clearfix\"><div id=\"aq-block-207-2\" class=\"aq-block aq-block-aq_clear_block aq_span12 aq-first clearfix\"><div class=\"aq-block-clear aq-block-hr-single\" style=\"height:80px;\"><\/div><\/div><div id=\"aq-block-207-3\" class=\"aq-block aq-block-aq_ads_block aq_span12 aq-first clearfix\">\r\n\t\t\r\r\n\t\t\t\r\n            \r\r\n\t\t\t\r\n                    \r\r\n           \t\t<div class=\"body3 bgfix\"><center><img decoding=\"async\" src=\"http:\/\/norail.fr\/atd\/wp-content\/uploads\/2016\/09\/norail.png\" alt=\"logo norail\" \/><br\/>\n<h3>50 rue Th\u00e9ophile Boyer<br \/>59360 LE CATEAU<br\/><br\/>\nTel : 03.27.84.61.50<br \/>\nFax : 03.27.84.61.51<\/h3>\n<br \/><br \/>\n<p class=\"text-contact\">Pour conna\u00eetre les coordonn\u00e9es du commercial <br\/>de votre secteur, <u><a href=\"http:\/\/www.norail.fr\/atd\/pdf\/carte_commerciale_norail.pdf\" target=\"_blank\">consultez la carte commerciale<\/a><\/u>\n<\/p>\n<br \/><br \/>\n<h3>Vente aux professionnels uniquement<\/h3>\n<\/center><\/div>\r\r\n\t\t\r\r\n\t\t \t<\/div><\/div><div id=\"aq-block-207-4\" class=\"aq-block aq-block-aq_2_column_block aq_span6  clearfix\"><div id=\"aq-block-207-5\" class=\"aq-block aq-block-aq_ads_block aq_span12 aq-first clearfix\">\r\n\t\t\r\r\n\t\t\t\r\n            \r\r\n\t\t\t\r\n                    \r\r\n           \t\t<div class=\"body3 bgfix\"><h3>Pour toute demande, veuillez renseigner le formulaire ci-dessous<\/h3>\n\n<div class=\"wpcf7 no-js\" id=\"wpcf7-f206-o1\" lang=\"fr-FR\" dir=\"ltr\" data-wpcf7-id=\"206\">\n<div class=\"screen-reader-response\"><p role=\"status\" aria-live=\"polite\" aria-atomic=\"true\"><\/p> <ul><\/ul><\/div>\n<form action=\"\/atd\/wp-json\/wp\/v2\/pages\/94#wpcf7-f206-o1\" method=\"post\" class=\"wpcf7-form init\" aria-label=\"Formulaire de contact\" enctype=\"multipart\/form-data\" novalidate=\"novalidate\" data-status=\"init\">\n<fieldset class=\"hidden-fields-container\"><input type=\"hidden\" name=\"_wpcf7\" value=\"206\" \/><input type=\"hidden\" name=\"_wpcf7_version\" value=\"6.1.5\" \/><input type=\"hidden\" name=\"_wpcf7_locale\" value=\"fr_FR\" \/><input type=\"hidden\" name=\"_wpcf7_unit_tag\" value=\"wpcf7-f206-o1\" \/><input type=\"hidden\" name=\"_wpcf7_container_post\" value=\"0\" \/><input type=\"hidden\" name=\"_wpcf7_posted_data_hash\" value=\"\" \/><input type=\"hidden\" name=\"_wpcf7_recaptcha_response\" value=\"\" \/>\n<\/fieldset>\n<div class=\"wpcf7-turnstile cf-turnstile\" data-sitekey=\"0x4AAAAAACpxH1HwibgnMSXw\" data-response-field-name=\"_wpcf7_turnstile_response\"><\/div>\n\n<p> Vos informations personnelles\n<\/p>\n<p><span class=\"wpcf7-form-control-wrap\" data-name=\"your-name\"><input size=\"40\" maxlength=\"400\" class=\"wpcf7-form-control wpcf7-text wpcf7-validates-as-required\" aria-required=\"true\" aria-invalid=\"false\" placeholder=\"Votre nom\" value=\"\" type=\"text\" name=\"your-name\" \/><\/span>\n<\/p>\n<p><span class=\"wpcf7-form-control-wrap\" data-name=\"your-company\"><input size=\"40\" maxlength=\"400\" class=\"wpcf7-form-control wpcf7-text\" aria-invalid=\"false\" placeholder=\"Votre soci\u00e9t\u00e9 \/ magasin\" value=\"\" type=\"text\" name=\"your-company\" \/><\/span>\n<\/p>\n<p><span class=\"wpcf7-form-control-wrap\" data-name=\"your-number\"><input size=\"40\" maxlength=\"400\" class=\"wpcf7-form-control wpcf7-text\" aria-invalid=\"false\" placeholder=\"Votre num\u00e9ro de client NORAIL\" value=\"\" type=\"text\" name=\"your-number\" \/><\/span>\n<\/p>\n<p><span class=\"wpcf7-form-control-wrap\" data-name=\"your-post-code\"><input size=\"40\" maxlength=\"400\" class=\"wpcf7-form-control wpcf7-text wpcf7-validates-as-required\" aria-required=\"true\" aria-invalid=\"false\" placeholder=\"Votre code postal\" value=\"\" type=\"text\" name=\"your-post-code\" \/><\/span>\n<\/p>\n<p><span class=\"wpcf7-form-control-wrap\" data-name=\"your-phone\"><input size=\"40\" maxlength=\"400\" class=\"wpcf7-form-control wpcf7-text\" aria-invalid=\"false\" placeholder=\"Votre num\u00e9ro de t\u00e9l\u00e9phone\" value=\"\" type=\"text\" name=\"your-phone\" \/><\/span>\n<\/p>\n<p><span class=\"wpcf7-form-control-wrap\" data-name=\"your-email\"><input size=\"40\" maxlength=\"400\" class=\"wpcf7-form-control wpcf7-email wpcf7-validates-as-required wpcf7-text wpcf7-validates-as-email\" aria-required=\"true\" aria-invalid=\"false\" placeholder=\"Votre adresse email\" value=\"\" type=\"email\" name=\"your-email\" \/><\/span>\n<\/p>\n<p><span class=\"wpcf7-form-control-wrap\" data-name=\"your-subject\"><input size=\"40\" maxlength=\"400\" class=\"wpcf7-form-control wpcf7-text\" aria-invalid=\"false\" placeholder=\"Sujet\" value=\"\" type=\"text\" name=\"your-subject\" \/><\/span>\n<\/p>\n<p>Votre message\n<\/p>\n<p><span class=\"wpcf7-form-control-wrap\" data-name=\"your-message\"><textarea cols=\"40\" rows=\"10\" maxlength=\"2000\" class=\"wpcf7-form-control wpcf7-textarea wpcf7-validates-as-required\" aria-required=\"true\" aria-invalid=\"false\" name=\"your-message\"><\/textarea><\/span>\n<\/p>\n<p> Votre pi\u00e8ce jointe (pdf uniquement)\n<\/p>\n<p><span class=\"wpcf7-form-control-wrap\" data-name=\"file-163\"><input size=\"40\" class=\"wpcf7-form-control wpcf7-file\" accept=\".pdf\" aria-invalid=\"false\" type=\"file\" name=\"file-163\" \/><\/span>\n<\/p>\n\n<p><input class=\"wpcf7-form-control wpcf7-submit has-spinner formcontacteznous\" type=\"submit\" value=\"Envoyer\" \/>\n<\/p><input type='hidden' class='wpcf7-pum' value='{\"closepopup\":false,\"closedelay\":0,\"openpopup\":false,\"openpopup_id\":0}' \/><div class=\"wpcf7-response-output\" aria-hidden=\"true\"><\/div>\n<\/form>\n<\/div>\n\n\n<p class=\"text-reglement\">Conform\u00e9ment aux articles 39 et suivants de la loi n\u00b0 78-17 du 6 janvier 1978 modifi\u00e9e en 2004 relative \u00e0 l\u2019informatique, aux fichiers et aux libert\u00e9s, toute personne peut obtenir communication et, le cas \u00e9ch\u00e9ant, rectification ou suppression des informations la concernant. Pour en savoir plus, consultez notre politique de confidentialit\u00e9.\n<\/p><\/div>\r\r\n\t\t\r\r\n\t\t \t<\/div><\/div><\/div>\n","protected":false},"excerpt":{"rendered":"","protected":false},"author":1,"featured_media":0,"parent":0,"menu_order":0,"comment_status":"closed","ping_status":"closed","template":"homepage.php","meta":{"footnotes":""},"class_list":["post-94","page","type-page","status-publish","hentry"],"yoast_head":"<!-- This site is optimized with the Yoast SEO plugin v27.1.1 - https:\/\/yoast.com\/product\/yoast-seo-wordpress\/ -->\n<title>Contactez-nous - Norail | Quincaillerie professionnelle<\/title>\n<meta name=\"description\" content=\"Pour toute demande, contactez-nous au 03.27.84.61.50 ou via notre formulaire en ligne. NORAIL 50,rue Th\u00e9ophile Boyer 59360 Le Cateau Cambr\u00e9sis\" \/>\n<meta name=\"robots\" content=\"index, follow, max-snippet:-1, max-image-preview:large, max-video-preview:-1\" \/>\n<link rel=\"canonical\" href=\"https:\/\/www.norail.fr\/atd\/contactez-nous\/\" \/>\n<meta property=\"og:locale\" content=\"fr_FR\" \/>\n<meta property=\"og:type\" content=\"article\" \/>\n<meta property=\"og:title\" content=\"Contactez-nous - Norail | Quincaillerie professionnelle\" \/>\n<meta property=\"og:description\" content=\"Pour toute demande, contactez-nous au 03.27.84.61.50 ou via notre formulaire en ligne. NORAIL 50,rue Th\u00e9ophile Boyer 59360 Le Cateau Cambr\u00e9sis\" \/>\n<meta property=\"og:url\" content=\"https:\/\/www.norail.fr\/atd\/contactez-nous\/\" \/>\n<meta property=\"og:site_name\" content=\"Norail | Quincaillerie professionnelle\" \/>\n<meta property=\"article:modified_time\" content=\"2016-09-28T09:42:43+00:00\" \/>\n<meta name=\"twitter:card\" content=\"summary_large_image\" \/>\n<script type=\"application\/ld+json\" class=\"yoast-schema-graph\">{\"@context\":\"https:\/\/schema.org\",\"@graph\":[{\"@type\":\"WebPage\",\"@id\":\"https:\/\/www.norail.fr\/atd\/contactez-nous\/\",\"url\":\"https:\/\/www.norail.fr\/atd\/contactez-nous\/\",\"name\":\"Contactez-nous - Norail | Quincaillerie professionnelle\",\"isPartOf\":{\"@id\":\"https:\/\/www.norail.fr\/atd\/#website\"},\"datePublished\":\"2016-08-30T08:08:30+00:00\",\"dateModified\":\"2016-09-28T09:42:43+00:00\",\"description\":\"Pour toute demande, contactez-nous au 03.27.84.61.50 ou via notre formulaire en ligne. NORAIL 50,rue Th\u00e9ophile Boyer 59360 Le Cateau Cambr\u00e9sis\",\"breadcrumb\":{\"@id\":\"https:\/\/www.norail.fr\/atd\/contactez-nous\/#breadcrumb\"},\"inLanguage\":\"fr-FR\",\"potentialAction\":[{\"@type\":\"ReadAction\",\"target\":[\"https:\/\/www.norail.fr\/atd\/contactez-nous\/\"]}]},{\"@type\":\"BreadcrumbList\",\"@id\":\"https:\/\/www.norail.fr\/atd\/contactez-nous\/#breadcrumb\",\"itemListElement\":[{\"@type\":\"ListItem\",\"position\":1,\"name\":\"Accueil\",\"item\":\"https:\/\/www.norail.fr\/atd\/\"},{\"@type\":\"ListItem\",\"position\":2,\"name\":\"Contactez-nous\"}]},{\"@type\":\"WebSite\",\"@id\":\"https:\/\/www.norail.fr\/atd\/#website\",\"url\":\"https:\/\/www.norail.fr\/atd\/\",\"name\":\"Norail | Quincaillerie professionnelle\",\"description\":\"Au service des pros\",\"potentialAction\":[{\"@type\":\"SearchAction\",\"target\":{\"@type\":\"EntryPoint\",\"urlTemplate\":\"https:\/\/www.norail.fr\/atd\/?s={search_term_string}\"},\"query-input\":{\"@type\":\"PropertyValueSpecification\",\"valueRequired\":true,\"valueName\":\"search_term_string\"}}],\"inLanguage\":\"fr-FR\"}]}<\/script>\n<!-- \/ Yoast SEO plugin. -->","yoast_head_json":{"title":"Contactez-nous - Norail | Quincaillerie professionnelle","description":"Pour toute demande, contactez-nous au 03.27.84.61.50 ou via notre formulaire en ligne. NORAIL 50,rue Th\u00e9ophile Boyer 59360 Le Cateau Cambr\u00e9sis","robots":{"index":"index","follow":"follow","max-snippet":"max-snippet:-1","max-image-preview":"max-image-preview:large","max-video-preview":"max-video-preview:-1"},"canonical":"https:\/\/www.norail.fr\/atd\/contactez-nous\/","og_locale":"fr_FR","og_type":"article","og_title":"Contactez-nous - Norail | Quincaillerie professionnelle","og_description":"Pour toute demande, contactez-nous au 03.27.84.61.50 ou via notre formulaire en ligne. NORAIL 50,rue Th\u00e9ophile Boyer 59360 Le Cateau Cambr\u00e9sis","og_url":"https:\/\/www.norail.fr\/atd\/contactez-nous\/","og_site_name":"Norail | Quincaillerie professionnelle","article_modified_time":"2016-09-28T09:42:43+00:00","twitter_card":"summary_large_image","schema":{"@context":"https:\/\/schema.org","@graph":[{"@type":"WebPage","@id":"https:\/\/www.norail.fr\/atd\/contactez-nous\/","url":"https:\/\/www.norail.fr\/atd\/contactez-nous\/","name":"Contactez-nous - Norail | Quincaillerie professionnelle","isPartOf":{"@id":"https:\/\/www.norail.fr\/atd\/#website"},"datePublished":"2016-08-30T08:08:30+00:00","dateModified":"2016-09-28T09:42:43+00:00","description":"Pour toute demande, contactez-nous au 03.27.84.61.50 ou via notre formulaire en ligne. NORAIL 50,rue Th\u00e9ophile Boyer 59360 Le Cateau Cambr\u00e9sis","breadcrumb":{"@id":"https:\/\/www.norail.fr\/atd\/contactez-nous\/#breadcrumb"},"inLanguage":"fr-FR","potentialAction":[{"@type":"ReadAction","target":["https:\/\/www.norail.fr\/atd\/contactez-nous\/"]}]},{"@type":"BreadcrumbList","@id":"https:\/\/www.norail.fr\/atd\/contactez-nous\/#breadcrumb","itemListElement":[{"@type":"ListItem","position":1,"name":"Accueil","item":"https:\/\/www.norail.fr\/atd\/"},{"@type":"ListItem","position":2,"name":"Contactez-nous"}]},{"@type":"WebSite","@id":"https:\/\/www.norail.fr\/atd\/#website","url":"https:\/\/www.norail.fr\/atd\/","name":"Norail | Quincaillerie professionnelle","description":"Au service des pros","potentialAction":[{"@type":"SearchAction","target":{"@type":"EntryPoint","urlTemplate":"https:\/\/www.norail.fr\/atd\/?s={search_term_string}"},"query-input":{"@type":"PropertyValueSpecification","valueRequired":true,"valueName":"search_term_string"}}],"inLanguage":"fr-FR"}]}},"_links":{"self":[{"href":"https:\/\/www.norail.fr\/atd\/wp-json\/wp\/v2\/pages\/94","targetHints":{"allow":["GET"]}}],"collection":[{"href":"https:\/\/www.norail.fr\/atd\/wp-json\/wp\/v2\/pages"}],"about":[{"href":"https:\/\/www.norail.fr\/atd\/wp-json\/wp\/v2\/types\/page"}],"author":[{"embeddable":true,"href":"https:\/\/www.norail.fr\/atd\/wp-json\/wp\/v2\/users\/1"}],"replies":[{"embeddable":true,"href":"https:\/\/www.norail.fr\/atd\/wp-json\/wp\/v2\/comments?post=94"}],"version-history":[{"count":2,"href":"https:\/\/www.norail.fr\/atd\/wp-json\/wp\/v2\/pages\/94\/revisions"}],"predecessor-version":[{"id":208,"href":"https:\/\/www.norail.fr\/atd\/wp-json\/wp\/v2\/pages\/94\/revisions\/208"}],"wp:attachment":[{"href":"https:\/\/www.norail.fr\/atd\/wp-json\/wp\/v2\/media?parent=94"}],"curies":[{"name":"wp","href":"https:\/\/api.w.org\/{rel}","templated":true}]}}